{"id":51578,"date":"2023-09-19T06:26:18","date_gmt":"2023-09-19T11:26:18","guid":{"rendered":"https:\/\/hmh.org\/?post_type=tribe_events&#038;p=51578"},"modified":"2023-09-19T06:26:36","modified_gmt":"2023-09-19T11:26:36","slug":"aqui-no-hay-un-por-que","status":"publish","type":"tribe_events","link":"https:\/\/hmh.org\/es\/event\/aqui-no-hay-un-por-que\/","title":{"rendered":"Aqu\u00ed no hay un por qu\u00e9"},"content":{"rendered":"<p>[et_pb_section fb_built=\u00bb1&#8243; _builder_version=\u00bb4.18.0&#8243; _module_preset=\u00bbdefault\u00bb locked=\u00bboff\u00bb global_colors_info=\u00bb{}\u00bb][et_pb_row _builder_version=\u00bb4.21.0&#8243; _module_preset=\u00bbdefault\u00bb width=\u00bb100%\u00bb max_width=\u00bb100%\u00bb custom_padding=\u00bb0px||0px||false|false\u00bb locked=\u00bboff\u00bb global_colors_info=\u00bb{}\u00bb][et_pb_column type=\u00bb4_4&#8243; _builder_version=\u00bb4.18.0&#8243; _module_preset=\u00bbdefault\u00bb global_colors_info=\u00bb{}\u00bb][et_pb_text _builder_version=\u00bb4.22.1&#8243; _module_preset=\u00bb86455770-bee1-437e-a943-6f643df6ecc0&#8243; hover_enabled=\u00bb0&#8243; sticky_enabled=\u00bb0&#8243;]El artista Karl Koenig aplic\u00f3 su ojo fotogr\u00e1fico y utiliz\u00f3 los impresionantes efectos de sus t\u00e9cnicas fotogr\u00e1ficas de impresi\u00f3n gumoil para explorar los restos arquitect\u00f3nicos de los campos de concentraci\u00f3n nazis. Su estilo fotogr\u00e1fico y m\u00e9todo de grabado expresivo le permitieron ofrecer una interpretaci\u00f3n \u00fanica de lo que estos edificios pudieron haber sido para los condenados, sin importar lo breves o dolorosas que fueran sus experiencias. No es casualidad que las fotograf\u00edas tambi\u00e9n sugieran la existencia tan deshumanizante que debi\u00f3 haber sido para muchos de los prisioneros.[\/et_pb_text][\/et_pb_column][\/et_pb_row][\/et_pb_section]<\/p>\n","protected":false},"excerpt":{"rendered":"<p>El artista Karl Koenig aplic\u00f3 su ojo fotogr\u00e1fico y utiliz\u00f3 los impresionantes efectos de sus t\u00e9cnicas fotogr\u00e1ficas de impresi\u00f3n gumoil para explorar los restos arquitect\u00f3nicos de los campos de concentraci\u00f3n [&hellip;]<\/p>\n","protected":false},"author":1,"featured_media":0,"template":"","meta":{"_acf_changed":false,"_et_pb_use_builder":"on","_et_pb_old_content":"","_et_gb_content_width":"","inline_featured_image":false,"_tribe_events_status":"","_tribe_events_status_reason":"","_tribe_events_is_hybrid":"","_tribe_events_is_virtual":"","_tribe_events_virtual_video_source":"","_tribe_events_virtual_embed_video":"","_tribe_events_virtual_linked_button_text":"","_tribe_events_virtual_linked_button":"","_tribe_events_virtual_show_embed_at":"","_tribe_events_virtual_show_embed_to":[],"_tribe_events_virtual_show_on_event":"","_tribe_events_virtual_show_on_views":"","_tribe_events_virtual_url":"","footnotes":""},"tags":[],"exhibitions_type":[],"tribe_events_cat":[162],"class_list":["post-51578","tribe_events","type-tribe_events","status-publish","hentry","tribe_events_cat-exposiciones","cat_exposiciones"],"acf":[],"_links":{"self":[{"href":"https:\/\/hmh.org\/es\/wp-json\/wp\/v2\/tribe_events\/51578","targetHints":{"allow":["GET"]}}],"collection":[{"href":"https:\/\/hmh.org\/es\/wp-json\/wp\/v2\/tribe_events"}],"about":[{"href":"https:\/\/hmh.org\/es\/wp-json\/wp\/v2\/types\/tribe_events"}],"author":[{"embeddable":true,"href":"https:\/\/hmh.org\/es\/wp-json\/wp\/v2\/users\/1"}],"version-history":[{"count":0,"href":"https:\/\/hmh.org\/es\/wp-json\/wp\/v2\/tribe_events\/51578\/revisions"}],"wp:attachment":[{"href":"https:\/\/hmh.org\/es\/wp-json\/wp\/v2\/media?parent=51578"}],"wp:term":[{"taxonomy":"post_tag","embeddable":true,"href":"https:\/\/hmh.org\/es\/wp-json\/wp\/v2\/tags?post=51578"},{"taxonomy":"exhibitions_type","embeddable":true,"href":"https:\/\/hmh.org\/es\/wp-json\/wp\/v2\/exhibitions_type?post=51578"},{"taxonomy":"tribe_events_cat","embeddable":true,"href":"https:\/\/hmh.org\/es\/wp-json\/wp\/v2\/tribe_events_cat?post=51578"}],"curies":[{"name":"wp","href":"https:\/\/api.w.org\/{rel}","templated":true}]}}

Aquí no hay un por qué

<p>[et_pb_section fb_built=»1&#8243; _builder_version=»4.18.0&#8243; _module_preset=»default» locked=»off» global_colors_info=»{}»][et_pb_row _builder_version=»4.21.0&#8243; _module_preset=»default» width=»100%» max_width=»100%» custom_padding=»0px||0px||false|false» locked=»off» global_colors_info=»{}»][et_pb_column type=»4_4&#8243; _builder_version=»4.18.0&#8243; _module_preset=»default» global_colors_info=»{}»][et_pb_text _builder_version=»4.22.1&#8243; _module_preset=»86455770-bee1-437e-a943-6f643df6ecc0&#8243; hover_enabled=»0&#8243; sticky_enabled=»0&#8243;]El artista Karl Koenig aplicó su ojo fotográfico y utilizó los impresionantes efectos de sus técnicas fotográficas de impresión gumoil para explorar los restos arquitectónicos de los campos de concentración nazis. Su estilo fotográfico y método de grabado expresivo le permitieron ofrecer una interpretación única de lo que estos edificios pudieron haber sido para los condenados, sin importar lo breves o dolorosas que fueran sus experiencias. No es casualidad que las fotografías también sugieran la existencia tan deshumanizante que debió haber sido para muchos de los prisioneros.[/et_pb_text][/et_pb_column][/et_pb_row][/et_pb_section]</p>

<p>El artista Karl Koenig aplicó su ojo fotográfico y utilizó los impresionantes efectos de sus técnicas fotográficas de impresión gumoil para explorar los restos arquitectónicos de los campos de concentración [&hellip;]</p>
