{"id":51396,"date":"2023-09-19T03:29:48","date_gmt":"2023-09-19T08:29:48","guid":{"rendered":"https:\/\/hmh.org\/?post_type=tribe_events&#038;p=51396"},"modified":"2023-09-19T03:29:59","modified_gmt":"2023-09-19T08:29:59","slug":"llevame","status":"publish","type":"tribe_events","link":"https:\/\/hmh.org\/es\/event\/llevame\/","title":{"rendered":"Ll\u00e9vame"},"content":{"rendered":"<p>[et_pb_section fb_built=\u00bb1&#8243; _builder_version=\u00bb4.18.0&#8243; _module_preset=\u00bbdefault\u00bb locked=\u00bboff\u00bb global_colors_info=\u00bb{}\u00bb theme_builder_area=\u00bbpost_content\u00bb][et_pb_row _builder_version=\u00bb4.21.0&#8243; _module_preset=\u00bbdefault\u00bb width=\u00bb100%\u00bb max_width=\u00bb100%\u00bb custom_padding=\u00bb0px||0px||false|false\u00bb locked=\u00bboff\u00bb global_colors_info=\u00bb{}\u00bb theme_builder_area=\u00bbpost_content\u00bb][et_pb_column type=\u00bb4_4&#8243; _builder_version=\u00bb4.18.0&#8243; _module_preset=\u00bbdefault\u00bb global_colors_info=\u00bb{}\u00bb theme_builder_area=\u00bbpost_content\u00bb][et_pb_text _builder_version=\u00bb4.22.1&#8243; _module_preset=\u00bb86455770-bee1-437e-a943-6f643df6ecc0&#8243; hover_enabled=\u00bb0&#8243; theme_builder_area=\u00bbpost_content\u00bb sticky_enabled=\u00bb0&#8243;]<\/p>\n<p><em><strong>\u00abTake Me\u00bb by Saul Balagura<\/strong><\/em><\/p>\n<p>En conjunto con la exhibici\u00f3n \u201cDarfur: los fotoperiodistas responden\u201d, el Museo del Holocausto de Houston se complace en exhibir una obra original del artista de Houston, Sa\u00fal Balagura que personifica v\u00edvidamente la desesperaci\u00f3n que afrontan en la actualidad los refugiados en Darfur. La obra viene acompa\u00f1ada de un poema, escrito tambi\u00e9n por Balagura, que lleva el mismo t\u00edtulo.<\/p>\n<p>\u201cLL\u00c9VAME\u201d<\/p>\n<p>Ll\u00e9vame bajo tus alas<\/p>\n<p>tan lejos como el viento<\/p>\n<p>\u2013y luego un poco m\u00e1s \u2013<\/p>\n<p>no te detengas hasta que seamos<\/p>\n<p>un recuerdo tras una tormenta de fuego<\/p>\n<p>demasiado amarga para respirar en ella<\/p>\n<p>demasiado \u00e1rida para que las flores crezcan<\/p>\n<p>demasiado f\u00e9rtil para matar<\/p>\n<p>a quien tiene que morir<\/p>\n<p>yo vivo<\/p>\n<p>y ustedes que viv\u00edan<\/p>\n<p>est\u00e1n muertos<\/p>\n<p>ll\u00e9vame peque\u00f1o burrito<\/p>\n<p>muy lejos, amigo,<\/p>\n<p>muy lejos<\/p>\n<p>&#8211; Saul Balagura, 20 de junio de 2007.<\/p>\n<p>N\u00f3tese: esta exposici\u00f3n est\u00e1 abierta al p\u00fablico en el Centro de Recursos y Biblioteca Laurie y Milton Boniuk, de 10 a. m. a 5 p. m. de lunes a viernes y del mediod\u00eda a las 5 p. m. s\u00e1bados y domingos.<\/p>\n<p>[\/et_pb_text][\/et_pb_column][\/et_pb_row][\/et_pb_section]<\/p>\n","protected":false},"excerpt":{"rendered":"<p>\u00abTake Me\u00bb by Saul Balagura En conjunto con la exhibici\u00f3n \u201cDarfur: los fotoperiodistas responden\u201d, el Museo del Holocausto de Houston se complace en exhibir una obra original del artista de [&hellip;]<\/p>\n","protected":false},"author":1,"featured_media":51398,"template":"","meta":{"_acf_changed":false,"_et_pb_use_builder":"on","_et_pb_old_content":"","_et_gb_content_width":"","inline_featured_image":false,"_tribe_events_status":"","_tribe_events_status_reason":"","_tribe_events_is_hybrid":"","_tribe_events_is_virtual":"","_tribe_events_virtual_video_source":"","_tribe_events_virtual_embed_video":"","_tribe_events_virtual_linked_button_text":"","_tribe_events_virtual_linked_button":"","_tribe_events_virtual_show_embed_at":"","_tribe_events_virtual_show_embed_to":[],"_tribe_events_virtual_show_on_event":"","_tribe_events_virtual_show_on_views":"","_tribe_events_virtual_url":"","footnotes":""},"tags":[],"exhibitions_type":[],"tribe_events_cat":[162],"class_list":["post-51396","tribe_events","type-tribe_events","status-publish","has-post-thumbnail","hentry","tribe_events_cat-exposiciones","cat_exposiciones"],"acf":[],"_links":{"self":[{"href":"https:\/\/hmh.org\/es\/wp-json\/wp\/v2\/tribe_events\/51396","targetHints":{"allow":["GET"]}}],"collection":[{"href":"https:\/\/hmh.org\/es\/wp-json\/wp\/v2\/tribe_events"}],"about":[{"href":"https:\/\/hmh.org\/es\/wp-json\/wp\/v2\/types\/tribe_events"}],"author":[{"embeddable":true,"href":"https:\/\/hmh.org\/es\/wp-json\/wp\/v2\/users\/1"}],"version-history":[{"count":0,"href":"https:\/\/hmh.org\/es\/wp-json\/wp\/v2\/tribe_events\/51396\/revisions"}],"wp:featuredmedia":[{"embeddable":true,"href":"https:\/\/hmh.org\/es\/wp-json\/wp\/v2\/media\/51398"}],"wp:attachment":[{"href":"https:\/\/hmh.org\/es\/wp-json\/wp\/v2\/media?parent=51396"}],"wp:term":[{"taxonomy":"post_tag","embeddable":true,"href":"https:\/\/hmh.org\/es\/wp-json\/wp\/v2\/tags?post=51396"},{"taxonomy":"exhibitions_type","embeddable":true,"href":"https:\/\/hmh.org\/es\/wp-json\/wp\/v2\/exhibitions_type?post=51396"},{"taxonomy":"tribe_events_cat","embeddable":true,"href":"https:\/\/hmh.org\/es\/wp-json\/wp\/v2\/tribe_events_cat?post=51396"}],"curies":[{"name":"wp","href":"https:\/\/api.w.org\/{rel}","templated":true}]}}

Llévame

<p>[et_pb_section fb_built=»1&#8243; _builder_version=»4.18.0&#8243; _module_preset=»default» locked=»off» global_colors_info=»{}» theme_builder_area=»post_content»][et_pb_row _builder_version=»4.21.0&#8243; _module_preset=»default» width=»100%» max_width=»100%» custom_padding=»0px||0px||false|false» locked=»off» global_colors_info=»{}» theme_builder_area=»post_content»][et_pb_column type=»4_4&#8243; _builder_version=»4.18.0&#8243; _module_preset=»default» global_colors_info=»{}» theme_builder_area=»post_content»][et_pb_text _builder_version=»4.22.1&#8243; _module_preset=»86455770-bee1-437e-a943-6f643df6ecc0&#8243; hover_enabled=»0&#8243; theme_builder_area=»post_content» sticky_enabled=»0&#8243;]</p>
<p><em><strong>«Take Me» by Saul Balagura</strong></em></p>
<p>En conjunto con la exhibición “Darfur: los fotoperiodistas responden”, el Museo del Holocausto de Houston se complace en exhibir una obra original del artista de Houston, Saúl Balagura que personifica vívidamente la desesperación que afrontan en la actualidad los refugiados en Darfur. La obra viene acompañada de un poema, escrito también por Balagura, que lleva el mismo título.</p>
<p>“LLÉVAME”</p>
<p>Llévame bajo tus alas</p>
<p>tan lejos como el viento</p>
<p>–y luego un poco más –</p>
<p>no te detengas hasta que seamos</p>
<p>un recuerdo tras una tormenta de fuego</p>
<p>demasiado amarga para respirar en ella</p>
<p>demasiado árida para que las flores crezcan</p>
<p>demasiado fértil para matar</p>
<p>a quien tiene que morir</p>
<p>yo vivo</p>
<p>y ustedes que vivían</p>
<p>están muertos</p>
<p>llévame pequeño burrito</p>
<p>muy lejos, amigo,</p>
<p>muy lejos</p>
<p>&#8211; Saul Balagura, 20 de junio de 2007.</p>
<p>Nótese: esta exposición está abierta al público en el Centro de Recursos y Biblioteca Laurie y Milton Boniuk, de 10 a. m. a 5 p. m. de lunes a viernes y del mediodía a las 5 p. m. sábados y domingos.</p>
<p>[/et_pb_text][/et_pb_column][/et_pb_row][/et_pb_section]</p>

<p>«Take Me» by Saul Balagura En conjunto con la exhibición “Darfur: los fotoperiodistas responden”, el Museo del Holocausto de Houston se complace en exhibir una obra original del artista de [&hellip;]</p>
