{"id":50103,"date":"2023-09-13T23:14:18","date_gmt":"2023-09-14T04:14:18","guid":{"rendered":"https:\/\/hmh.org\/?post_type=tribe_events&#038;p=50103"},"modified":"2025-12-08T04:37:32","modified_gmt":"2025-12-08T10:37:32","slug":"celebrando-15-anos-de-historia-en-el-museo-del-holocausto-de-houston","status":"publish","type":"tribe_events","link":"https:\/\/hmh.org\/es\/event\/celebrando-15-anos-de-historia-en-el-museo-del-holocausto-de-houston\/","title":{"rendered":"Celebrando 15 a\u00f1os de historia en el Museo del Holocausto de Houston"},"content":{"rendered":"<p>[et_pb_section fb_built=\u00bb1&#8243; _builder_version=\u00bb4.18.0&#8243; _module_preset=\u00bbdefault\u00bb locked=\u00bboff\u00bb global_colors_info=\u00bb{}\u00bb][et_pb_row _builder_version=\u00bb4.21.0&#8243; _module_preset=\u00bbdefault\u00bb width=\u00bb100%\u00bb max_width=\u00bb100%\u00bb custom_padding=\u00bb0px||0px||false|false\u00bb locked=\u00bboff\u00bb global_colors_info=\u00bb{}\u00bb][et_pb_column type=\u00bb4_4&#8243; _builder_version=\u00bb4.18.0&#8243; _module_preset=\u00bbdefault\u00bb global_colors_info=\u00bb{}\u00bb][et_pb_image src=\u00bbhttps:\/\/hmh.org\/wp-content\/uploads\/image.png-456&#215;342-q85-subsampling-2-upscale-8.jpg\u00bb alt=\u00bbimage.png 456&#215;342 q85 subsampling 2 upscale\u00bb title_text=\u00bbimage.png 456&#215;342 q85 subsampling 2 upscale\u00bb _builder_version=\u00bb4.22.1&#8243; _module_preset=\u00bbdefault\u00bb global_colors_info=\u00bb{}\u00bb][\/et_pb_image][et_pb_text _builder_version=\u00bb4.22.1&#8243; _module_preset=\u00bb86455770-bee1-437e-a943-6f643df6ecc0&#8243; global_colors_info=\u00bb{}\u00bb]<\/p>\n<p><em>\u201cCelebrating 15 Years of History at Holocaust Museum Houston\u201d<\/em><\/p>\n<p>Para conmemorar el 15 aniversario del Museo del Holocausto de Houston, la exposici\u00f3n \u201cCelebrando quince a\u00f1os de historia con el Museo del Holocausto de Houston\u201d estar\u00e1 en exhibici\u00f3n en el Centro de Recursos y Biblioteca Laurie y Milton Boniuk, del 25 de febrero al 31 de diciembre de 2011. Esta exposici\u00f3n ofrece una narraci\u00f3n visual de la historia del museo, desde su creaci\u00f3n hasta el tiempo presente, destacando art\u00edculos de los archivos institucionales, como fotograf\u00edas, programaci\u00f3n y materiales de eventos y anuncios de exposiciones. Esta es la segunda de una serie de exposiciones programadas en homenaje al 15 aniversario del MHH. El horario es de 10 a. m. a 5 p. m. de lunes a viernes. La entrada es gratuita.<\/p>\n<p>[\/et_pb_text][\/et_pb_column][\/et_pb_row][\/et_pb_section]<\/p>\n","protected":false},"excerpt":{"rendered":"<p>\u201cCelebrating 15 Years of History at Holocaust Museum Houston\u201d Para conmemorar el 15 aniversario del Museo del Holocausto de Houston, la exposici\u00f3n \u201cCelebrando quince a\u00f1os de historia con el Museo [&hellip;]<\/p>\n","protected":false},"author":1,"featured_media":0,"template":"","meta":{"_acf_changed":false,"_et_pb_use_builder":"on","_et_pb_old_content":"","_et_gb_content_width":"","inline_featured_image":false,"_tribe_events_status":"","_tribe_events_status_reason":"","_tribe_events_is_hybrid":"","_tribe_events_is_virtual":"","_tribe_events_virtual_video_source":"","_tribe_events_virtual_embed_video":"","_tribe_events_virtual_linked_button_text":"","_tribe_events_virtual_linked_button":"","_tribe_events_virtual_show_embed_at":"","_tribe_events_virtual_show_embed_to":[],"_tribe_events_virtual_show_on_event":"","_tribe_events_virtual_show_on_views":"","_tribe_events_virtual_url":"","footnotes":""},"tags":[],"exhibitions_type":[],"tribe_events_cat":[162],"class_list":["post-50103","tribe_events","type-tribe_events","status-publish","hentry","tribe_events_cat-exposiciones","cat_exposiciones"],"acf":[],"_links":{"self":[{"href":"https:\/\/hmh.org\/es\/wp-json\/wp\/v2\/tribe_events\/50103","targetHints":{"allow":["GET"]}}],"collection":[{"href":"https:\/\/hmh.org\/es\/wp-json\/wp\/v2\/tribe_events"}],"about":[{"href":"https:\/\/hmh.org\/es\/wp-json\/wp\/v2\/types\/tribe_events"}],"author":[{"embeddable":true,"href":"https:\/\/hmh.org\/es\/wp-json\/wp\/v2\/users\/1"}],"version-history":[{"count":0,"href":"https:\/\/hmh.org\/es\/wp-json\/wp\/v2\/tribe_events\/50103\/revisions"}],"wp:attachment":[{"href":"https:\/\/hmh.org\/es\/wp-json\/wp\/v2\/media?parent=50103"}],"wp:term":[{"taxonomy":"post_tag","embeddable":true,"href":"https:\/\/hmh.org\/es\/wp-json\/wp\/v2\/tags?post=50103"},{"taxonomy":"exhibitions_type","embeddable":true,"href":"https:\/\/hmh.org\/es\/wp-json\/wp\/v2\/exhibitions_type?post=50103"},{"taxonomy":"tribe_events_cat","embeddable":true,"href":"https:\/\/hmh.org\/es\/wp-json\/wp\/v2\/tribe_events_cat?post=50103"}],"curies":[{"name":"wp","href":"https:\/\/api.w.org\/{rel}","templated":true}]}}

Celebrando 15 años de historia en el Museo del Holocausto de Houston

<p>[et_pb_section fb_built=»1&#8243; _builder_version=»4.18.0&#8243; _module_preset=»default» locked=»off» global_colors_info=»{}»][et_pb_row _builder_version=»4.21.0&#8243; _module_preset=»default» width=»100%» max_width=»100%» custom_padding=»0px||0px||false|false» locked=»off» global_colors_info=»{}»][et_pb_column type=»4_4&#8243; _builder_version=»4.18.0&#8243; _module_preset=»default» global_colors_info=»{}»][et_pb_image src=»https://hmh.org/wp-content/uploads/image.png-456&#215;342-q85-subsampling-2-upscale-8.jpg» alt=»image.png 456&#215;342 q85 subsampling 2 upscale» title_text=»image.png 456&#215;342 q85 subsampling 2 upscale» _builder_version=»4.22.1&#8243; _module_preset=»default» global_colors_info=»{}»][/et_pb_image][et_pb_text _builder_version=»4.22.1&#8243; _module_preset=»86455770-bee1-437e-a943-6f643df6ecc0&#8243; global_colors_info=»{}»]</p>
<p><em>“Celebrating 15 Years of History at Holocaust Museum Houston”</em></p>
<p>Para conmemorar el 15 aniversario del Museo del Holocausto de Houston, la exposición “Celebrando quince años de historia con el Museo del Holocausto de Houston” estará en exhibición en el Centro de Recursos y Biblioteca Laurie y Milton Boniuk, del 25 de febrero al 31 de diciembre de 2011. Esta exposición ofrece una narración visual de la historia del museo, desde su creación hasta el tiempo presente, destacando artículos de los archivos institucionales, como fotografías, programación y materiales de eventos y anuncios de exposiciones. Esta es la segunda de una serie de exposiciones programadas en homenaje al 15 aniversario del MHH. El horario es de 10 a. m. a 5 p. m. de lunes a viernes. La entrada es gratuita.</p>
<p>[/et_pb_text][/et_pb_column][/et_pb_row][/et_pb_section]</p>

<p>“Celebrating 15 Years of History at Holocaust Museum Houston” Para conmemorar el 15 aniversario del Museo del Holocausto de Houston, la exposición “Celebrando quince años de historia con el Museo [&hellip;]</p>
